-5 + 0). Suppose 40 = 2*z - 2*i, -2*z - 2*i + 55 = -r*i. What is the highest common divisor of z and 75?
15
Let c be 243/36 - (-3)/(-4). Suppose -j + c*j - 340 = 0. Suppose 2*o - j = 172. What is the greatest common divisor of o and 48?
24
Let l = -118 - -546. Let j = -284 + l. Calculate the highest common factor of 18 and j.
18
Let i = -303 - -332. Calculate the highest common divisor of 145 and i.
29
Suppose -20 + 64 = t. What is the greatest common factor of t and 110?
22
Suppose -33*j - 3 = -30*j. Let y be j - (-1 + 3 + -61 + 2). Let h be ((-2)/(-1))/((-1)/(-7)). What is the greatest common divisor of y and h?
14
Suppose 4*t + 353 + 18 = -3*a, 4 = t. Let r = -85 - a. What is the greatest common divisor of 11 and r?
11
Let l = 0 - -14. Suppose -r = -y + 1 - 2, -2*y - l = -5*r. Suppose -5*p - y*h + 137 = 0, 3*p - 4*h = -0*h + 59. Calculate the highest common factor of p and 5.
5
Let f(r) = -4*r**2 - 88*r + 9. Let n be f(-22). What is the greatest common divisor of 144 and n?
9
Let b be (76/(-8))/((-2)/12). Suppose -5*w = z - 33, -z - 4*w + 19 = -15. Calculate the highest common divisor of b and z.
19
Let n = -1233 - -1279. Suppose 2*t + 0*t = 368. What is the highest common divisor of n and t?
46
Let a be (336/(-15))/(40/(-100)). What is the highest common divisor of a and 168?
56
Let k = 302 + -274. What is the highest common divisor of 20 and k?
4
Let n(h) = -9*h - 10. Let t be n(-11). Let j = 12 + -7. Suppose 0 = j*b + 9 - t. Calculate the greatest common factor of 16 and b.
16
Suppose -6*n + 2*n + 660 = 0. Let p = n - 67. Calculate the greatest common factor of p and 14.
14
Let o be ((-24)/14)/(20/70). Let i be (48/o)/((-4)/6). Calculate the highest common divisor of 12 and i.
12
Let w(q) = q**2 + q + 2. Let n be w(-1). Suppose n*r = 9*r - 28. Suppose 16 = -0*a + a. What is the greatest common factor of a and r?
4
Suppose -5*v + 32 = 3*a, -2*v - 3*a = -0*a - 20. Suppose -7 - 5 = v*z. Let l = -1 - z. Calculate the greatest common factor of 8 and l.
2
Let i(s) = 2*s + 49. Let v be i(0). Let x be v - (2 + 1) - -2. What is the greatest common factor of 24 and x?
24
Suppose -6 = -5*b + 39. Let o be 2 - -9 - 2/1. What is the highest common factor of b and o?
9
Let t = 918 - 660. Calculate the highest common divisor of t and 129.
129
Suppose 13*y = 1369 - 238. Calculate the greatest common divisor of y and 3.
3
Suppose 3*a = 0, -v - 5*a - 41 + 143 = 0. Let x = 144 - v. Calculate the highest common factor of 14 and x.
14
Suppose 2*x + u - 123 = 0, -4*u = -10*x + 7*x + 201. Calculate the highest common factor of x and 315.
63
Let x(u) = u**3 + 8*u**2 - 10*u + 6. Let a(f) = 3*f - 9. Let d be a(5). Suppose d = -w - 3. Let g be x(w). Calculate the highest common divisor of g and 3.
3
Let j(i) = i**2 + i + 2. Let b be j(-1). Suppose 270 = 5*r + 2*o, b*r - 124 = -3*o - o. Calculate the highest common divisor of 13 and r.
13
Suppose -2*p + 238 - 1224 = -5*k, 0 = 5*k + p - 977. Calculate the greatest common divisor of k and 28.
28
Let s(c) = 7*c**3 + 5*c**2 + c - 12. Let i be s(3). Calculate the highest common divisor of i and 25.
25
Suppose d - 4*d + 13 = 4*m, -4*m - 5*d + 11 = 0. Suppose m*s - 4*c = 19 + 17, -5*s + 3*c = -43. Calculate the greatest common factor of 12 and s.
4
Let m = 411 + -390. What is the greatest common divisor of m and 28?
7
Suppose 73 = s + 5*d, -5*d + 7*d = -4*s + 256. Calculate the greatest common factor of 9 and s.
9
Suppose 0 = -3*y - 2*y. Suppose -37 + 41 = -4*k. Let w be k - (y/(-3) - 27). Calculate the greatest common factor of w and 104.
26
Let r(m) = -m**2 + 15. Let i be (1/2*6)/(-1). Let l be (-2 - (i + 1))/(-1). Let j be r(l). Calculate the greatest common divisor of j and 3.
3
Let x be 4/16*0 + 2. Suppose 3*r - b - 615 = 0, -4*r + x*r = -b - 410. Calculate the greatest common factor of 41 and r.
41
Suppose -165 - 781 = -43*c. What is the highest common divisor of 11 and c?
11
Let x = 8 - -4. Let z be ((-3)/3)/(5/40*-2). Calculate the greatest common divisor of x and z.
4
Let u(o) = -o**2 + 12*o + 14. Let n be u(11). Let t be n/(-2)*18/(-15). Let q(y) = 5*y - 25. Let c be q(11). Calculate the highest common divisor of t and c.
15
Suppose 0 = 5*n - 283 - 137. Let c = n + -71. Calculate the greatest common factor of 13 and c.
13
Let b be (-26)/(-6)*(-3)/(-1)*5. What is the greatest common factor of b and 650?
65
Let c be 153/21 + 4*6/(-84). Calculate the highest common divisor of c and 259.
7
Suppose 0 = 319*f - 323*f + 120. What is the greatest common divisor of f and 12?
6
Suppose -22*u = 5*b - 27*u - 80, -5*u = -b + 32. Suppose -2*z + 8 = -8. Let n be z/((-2)/18*-3). Calculate the highest common divisor of n and b.
12
Let j(t) = 4 - t**3 + 2*t**3 - 5*t**2 - 6*t + 5. Let r be j(6). Let o be ((-135)/10)/(15/(-80)). Calculate the highest common divisor of o and r.
9
Let c = 74 - 74. Let a(w) = -w + 2. Let u be a(c). Calculate the greatest common factor of 10 and u.
2
Let c = 5 - 5. Suppose -2*k + v + 22 = -3*v, c = -4*k + 4*v + 24. Let w = -6 + 8. What is the highest common divisor of k and w?
1
Let h(c) = -c**2 + 6*c + 7. Let b be h(5). Let x be 2*(-68)/16*-40. Let z = x + -208. Calculate the highest common factor of b and z.
12
Suppose 14*y = -39*y + 6890. What is the greatest common divisor of 26 and y?
26
Let n(s) = -s**2 - 14*s + 2. Let x be n(-14). Let q(o) = -o**2 - 4*o**x + 4*o**2 - 11*o. Let m be q(-8). What is the greatest common divisor of 6 and m?
6
Let l = -33 - -63. Suppose 0*o = 3*o - 234. Let p = o - l. What is the greatest common divisor of 6 and p?
6
Let m = 438 + -185. Let j(c) be the first derivative of -c**4/4 + 8*c**3/3 - 7*c**2/2 - 7*c - 8. Let p be j(6). Calculate the highest common divisor of m and p.
23
Let j be (-316)/(-10) + 0 - (-2)/5. Calculate the greatest common divisor of j and 1376.
32
Let l = -8 + 12. Suppose -24 = -4*b - 4*p, 0 = 2*b - 0*b - l*p - 12. Let j(v) = -18*v - 48. Let o be j(-3). Calculate the greatest common divisor of b and o.
6
Let c be (4 + -2 + -1)/(3/99). Let w = -9 + c. What is the highest common factor of 24 and w?
24
Let z(d) = -18*d + 33. Let f be z(10). Let v = -84 - f. What is the greatest common divisor of v and 9?
9
Let d(s) = 2*s**2 - 8*s + 109. Let f be d(-13). What is the highest common factor of 232 and f?
29
Let f = -63 - -105. What is the highest common factor of 294 and f?
42
Let j(r) = -3*r**3 - 13*r**2 + 9*r + 26. Let y be j(-5). Let k = 505 + -288. Calculate the highest common factor of y and k.
31
Let h be 3*22/(-33)*10/(-4). What is the greatest common factor of h and 5?
5
Let k = -25 + 19. Let d = 8 + k. Suppose -3*i = d*p + 2*i - 481, 4*i = 3*p - 733. What is the highest common divisor of 27 and p?
27
Suppose -2*j + 5*l - 370 = -1223, 2*l - 1308 = -3*j. What is the greatest common divisor of 14 and j?
14
Suppose -8*q + 3*q + 180 = 0. Suppose 4*m = 4*o, 2*o + 3*m - 4 = 4*o. Calculate the greatest common factor of o and q.
4
Let n(h) = 41*h + 4. Let z be n(1). What is the highest common factor of z and 5?
5
Let u = 15046 + -15042. Suppose -4*j = 3*h - 32 - 21, 0 = j - 3*h - 17. Calculate the greatest common factor of j and u.
2
Let k(i) = 61*i**2 + 2*i + 2. Let r be k(-1). Let u be r - (1/(-1) + -1). Suppose -5 = -2*c + 13. What is the greatest common divisor of u and c?
9
Let m be -248*40/(1 + -5). Calculate the greatest common factor of m and 20.
20
Let a = -329 + 407. Calculate the highest common factor of 182 and a.
26
Let k = 262 + -244. Calculate the highest common divisor of 21 and k.
3
Suppose 5*b + 17 = -3*q - 0*b, q + 3*b = 1. Let s be 12/21 + (-6)/q. Suppose u - 5 = s. What is the greatest common divisor of u and 42?
6
Suppose -41265 = 14*j - 59*j. What is the highest common divisor of 524 and j?
131
Suppose 776 = 21*g - 148. Let q = -55 - -77. Calculate the greatest common divisor of q and g.
22
Let t(q) = 4*q - 2. Let c be t(4). Let h(a) = 44*a - 2. Let s = -16 - -17. Let w be h(s). Calculate the greatest common divisor of w and c.
14
Suppose -3*w - 2 = -4*w. Let p be 1*4/(-8)*w. Let g = 17 + p. Calculate the greatest common factor of g and 48.
16
Let i = 11 - -8. Suppose -2*d + h - i + 7 = 0, d - 4*h - 1 = 0. Let r = 6 - d. Calculate the highest common factor of r and 13.
13
Let c = -1152 - -1188. Let a be (18/(-5))/(3/(-45)). Wha